 8 = 0, 0*z = -2*z - 3*g + 24. Calculate the remainder when 32 is divided by z.
2
Let l = 388 + -323. What is the remainder when l is divided by 17?
14
Let h = 1860 - 1776. Calculate the remainder when h is divided by (17/(-4))/((-1)/4).
16
Let n = 165 - 75. Calculate the remainder when 168 is divided by n.
78
Let v = -148 - -210. Suppose -2*m = -3*g + v, -10 = 5*g - 30. Calculate the remainder when 35 is divided by 1 - 3 - (4 + m).
16
Let m = -110 + 128. Calculate the remainder when 71 is divided by m.
17
Let o(g) = 5*g + 3*g + 3*g + 11 - 7*g. Calculate the remainder when 66 is divided by o(6).
31
Let m(u) = -u**3 - 7*u**2 - 2*u - 3. Suppose 0 = -2*q - 10, -3*f = 2*q - 5*q + 6. Let z be m(f). Let x = 7 + z. What is the remainder when 70 is divided by x?
16
Let j(x) = -x**2 - 11*x - 9. Suppose -5*b = 3*h - h + 24, 0 = 4*b + 3*h + 15. Suppose 4*g - 72 = 84. Calculate the remainder when g is divided by j(b).
18
Let c = 4 + -9. Calculate the remainder when 89 is divided by c/((-30)/16)*(-270)/(-24).
29
Let y = -947 - -954. Let a(d) = 2*d**3 - 5*d**2 + 5*d - 1. What is the remainder when a(4) is divided by y?
4
Let u(r) = 13*r - 888. Suppose 5*z - 4*z - 12 = 0. What is the remainder when u(71) is divided by z?
11
Let h = -95 - -95. Suppose -3*n - 12 = h, -2*v + 4*n - 79 = -7*v. Calculate the remainder when 131 is divided by v.
17
Let v = -52 + 95. Let b = -29 + v. Calculate the remainder when b is divided by 5.
4
Suppose -7*a = -3*a - 3*z - 236, 2*a - 104 = 5*z. Let n be (-5)/(-13 - -3)*(205 - -5). Let m = n - a. What is the remainder when m is divided by 12?
7
Let k = -37 - -22. What is the remainder when 20 is divided by k/(-20) - (-82)/8?
9
Let q = 474 + -444. What is the remainder when 86 is divided by q?
26
Let j = -22 + 25. Let w be j/12 + (-1185)/(-12). Let i = w - 68. What is the remainder when i is divided by 11?
9
Let f(x) = -x**2 - x + 1. Let t be f(2). Let k = 60 - t. What is the remainder when k is divided by 34?
31
What is the remainder when 144 is divided by 36/24*((-112)/(-6))/4?
4
Let h = 446 + -348. What is the remainder when h is divided by 56?
42
Suppose -109*q + 132 = -103*q. Calculate the remainder when 137 is divided by q.
5
Suppose 3*b - 37 = m, -4*b = -9*b + 5*m + 45. What is the remainder when 111 is divided by b?
13
Suppose 0 = -8*h + 244 + 764. Suppose -165 = -4*s - 5*x, -2*s - 3*x = s - h. Calculate the remainder when 87 is divided by s.
42
Suppose -163 - 1160 = -3*l. What is the remainder when l is divided by 13?
12
What is the remainder when 3344/33 - (28/(-6) - -4) is divided by 13?
11
Suppose 4*f - 142 = -5*u, 2*f = -2*u + u + 68. Suppose -4*p + 11 = -f. Calculate the remainder when p is divided by 30/(-45)*(-9)/2.
2
Let r(p) = 4*p - 16. Let n be r(5). Suppose -5*v - k + 6 = -n*k, 2*v = k + 3. Suppose -6*h + v*h = -78. Calculate the remainder when 50 is divided by h.
24
Let j = -23 - -13. Let r = 79 - 64. Let a = j + r. Calculate the remainder when 6 is divided by a.
1
Let i be (624/9)/2 + 2/6. Suppose 0 = 40*t - i*t - 120. What is the remainder when t is divided by 14?
10
What is the remainder when 3 + 122 + (-3 - (-1 + 1)) is divided by 37?
11
Let c be (-5)/(-10) - (-69)/6. What is the remainder when 160/(-6)*(-18)/c is divided by 12?
4
Let u(k) = -k**3 + 11*k**2 - 8*k - 42. What is the remainder when 92 is divided by u(9)?
44
Let x(y) = -3*y + 48. Let t(v) = 7*v - 96. Let n(d) = 4*t(d) + 9*x(d). What is the remainder when n(0) is divided by 25?
23
Suppose 0 = 34*n - 40*n + 6582. Calculate the remainder when n is divided by 44.
41
Let a(z) = -2*z**3 + 132*z**2 + 143*z - 119. What is the remainder when a(67) is divided by 18?
16
Suppose 2*i - 11*i - 18 = 0. What is the remainder when 4 is divided by (3 - 0) + i + 0 + 3?
0
Suppose s + 8*v = 4*v + 79, 5*s - 459 = -4*v. What is the remainder when s is divided by 33?
29
Let x be (-42)/9 + (-3)/9. Let d(i) = 5*i**2 + 3*i - 22. What is the remainder when d(x) is divided by 30?
28
What is the remainder when (1/(-3))/(-3 - (-9142)/3048) is divided by 64?
60
Let y(s) be the third derivative of s**5/15 + s**4/24 - 2*s**3/3 - 2*s**2 + 6. What is the remainder when y(3) is divided by 10?
5
Let c = 713 - 200. What is the remainder when c is divided by 11?
7
Let l(d) = -d + 1. Let q(k) = -21*k - 5. Let a(b) = -6*l(b) - q(b). Let c = -124 - -138. Calculate the remainder when a(2) is divided by c.
11
Let w(p) be the first derivative of -5*p**2/2 - 13*p + 4. Calculate the remainder when w(-6) is divided by 5.
2
Suppose 5*m = -5*b - 715, 0 = -4*b + 4. What is the remainder when 41 is divided by m/(-20) + (-1)/5?
6
Suppose -556 = -4*l - 180. Suppose -3*m + 215 = -193. Suppose 5*a - m = l. What is the remainder when a is divided by 24?
22
Let y(x) = x**2 - 2*x - 3. Let n be y(-2). Suppose n*d = 7*d - 22. Calculate the remainder when d is divided by 6.
5
Let x(t) = -54*t - 579. What is the remainder when 858 is divided by x(-13)?
120
Let h(p) = -12*p**2 - 143*p - 25. Suppose 5*v - 4*c = 130, 5*v - 3*v = -c + 52. What is the remainder when h(-11) is divided by v?
18
Let u = 21 + -40. Let n = 35 + u. What is the remainder when n is divided by 9?
7
Let g(c) = c**3 + 6*c**2. Let s be g(-6). Suppose -t - 37 + 1 = s. Calculate the remainder when 1/((2/t)/(-1)) is divided by 7.
4
Let w(i) = -114*i - 412. Suppose -4*f + 107 + 63 = 5*q, 42 = f + q. Calculate the remainder when w(-5) is divided by f.
38
Suppose -w = -2 - 5. Suppose -2*p = -w*p + 5. What is the remainder when (p/1)/(1/24) is divided by 13?
11
Let t = 224 + -208. What is the remainder when t is divided by 5?
1
Let a(r) = -r**2 + 10*r + 6. Let z be a(10). What is the remainder when 17 is divided by (16/z)/((-6)/(-9))?
1
Let u(n) be the second derivative of n**3 - 5*n**2/2 - 4*n. What is the remainder when u(5) is divided by -5 + 11 + (0 - -1)?
4
Let x be (-3)/(-27) + 4055/(-45). Suppose 665 = -4*l + 33. Let i = x - l. Calculate the remainder when i is divided by 14.
12
Suppose 40 = 3*r + 2*r. Suppose 0 = -247*b + 15544 + 6926 - 5180. Calculate the remainder when b is divided by r.
6
Let r be 1/((-5)/(24 - 4)). Let h = r + 17. Calculate the remainder when 46 is divided by h.
7
Suppose 5*q = -3*j + 203, 8*q - 12*q - 106 = -2*j. What is the remainder when 127 is divided by j?
5
Suppose 0 = z - 13. Suppose 0 = 43*m + 1611 - 8276. Calculate the remainder when m is divided by z.
12
Let b(v) = v**3 + 8*v**2 + v - 29. What is the remainder when 48 is divided by b(-5)?
7
Let b(x) = x**3 + 6*x**2 - x + 7. Suppose 2*d + q + 2 = 0, 0*q - 23 = d - 5*q. Let c = d + 8. What is the remainder when b(-6) is divided by c?
3
Let b(g) = g**2 + 5*g + 2. Let q be b(-5). What is the remainder when 3/q*2/1 is divided by 1?
0
Let f be ((-4)/(-8))/(1/(-38)). Let h = f - -19. Calculate the remainder when -4 - 31*(-2 + h) is divided by 30.
28
Let b be 1 - 4 - (8*-152 - -4). What is the remainder when b/45 - 2/(-15) is divided by 11?
5
Let t(b) = b**3 + 3*b**2 - 4*b - 3. Let i be t(-3). Suppose r + 2*r = -2*a + i, -3*a = 0. What is the remainder when 16 is divided by r?
1
Let m = -29 - -73. What is the remainder when m is divided by (0 - 2)*(-7 + 1)?
8
Suppose -2*b + 79 + 21 = 0. Let j be 6/(-12) + b/4. Let t(x) = 3*x - 19. What is the remainder when 66 is divided by t(j)?
15
Let d(m) = -2*m**3 + 91*m**2 - 40*m - 175. Calculate the remainder when d(45) is divided by 34.
16
Suppose -2*w + 2*y + 38 + 54 = 0, 2*w + 2*y = 104. Let h = 247 - 151. Calculate the remainder when h is divided by w.
47
Let x(z) = z**3 - 18*z**2 - 34*z - 102. Calculate the remainder when 1*-2 - (-183 + 2) is divided by x(20).
17
Suppose -4*o - 39 = -5*a, -2*o - 35 = -5*a + 2. Suppose 0 = v + a - 5. Calculate the remainder when 33 is divided by 140/8 + 1/v.
16
Let a(v) = -v**2 + 6*v + 4. Let n be a(6). Suppose 40 = z + n*z. What is the remainder when z is divided by 3?
2
Let g = -15484 - -15492. Suppose 0 = r - 34 - 17. Calculate the remainder when r is divided by g.
3
Suppose 6*t - 50 = t. Suppose 0 = 2*m + 5*h - 134 + 43, 0 = -3*h + 9. Suppose 13*n = 15*n - m. What is the remainder when n is divided by t?
9
Let d be ((-20)/(-30))/((1 + -2)/(-18)). Suppose -4*a = w - 3, 9*w + 74 = d*w - a. Let x(g) = g**3 + 90. Calculate the remainder when x(0) is divided by w.
21
Let c = -234 + 255.